 4. Let h(r) = -2*r**2 + 7*r - 7. Let f(l) = -3*h(l) - 5*u(l). Let w be f(3). Calculate the highest common divisor of 1 and w.
1
Suppose 21 = 2*x - 5*k - 14, 52 = 4*x - 4*k. Let v(d) = d**2 + 4*d + 3. Let p be v(-6). What is the greatest common factor of x and p?
5
Let x be (-105)/75*(2 + -7). Suppose 0*d + 4*d + 24 = 4*g, 3*g = 4*d + 17. What is the highest common divisor of x and g?
7
Let f = -595 + 419. Let x = f - -280. Calculate the highest common divisor of x and 13.
13
Let r = 34 + -18. Calculate the highest common factor of r and 8.
8
Let i(h) = h**3 - 8*h**2 + h - 5. Let d be i(8). Let x(t) = 2*t**3 - 4*t**2 + 4. Let c be x(d). Calculate the greatest common divisor of c and 33.
11
Let p be (-2)/(-8) + (-141)/(-12). Suppose -r - 3*r = -32. What is the highest common factor of p and r?
4
Suppose 5*n - 2*n + 2*b - 1252 = 0, 0 = -3*b + 6. What is the greatest common factor of n and 52?
52
Suppose -q = -11 + 3. Let z(o) = -2*o**2 - 14*o + 4. Let b be z(-6). Calculate the greatest common factor of q and b.
8
Let r be 4/(-6) + 50/3. What is the greatest common factor of 128 and r?
16
Let h = 61 + -33. Let y = -85 + 155. Calculate the greatest common divisor of y and h.
14
Suppose 4*c = -2*c + 144. What is the highest common factor of c and 18?
6
Let j = 114 - 42. Suppose 5*f - 108 = j. What is the highest common divisor of 6 and f?
6
Suppose 0 = -3*y + 168 + 102. Calculate the highest common factor of 10 and y.
10
Let w be 7 - 7 - -32*1. Calculate the greatest common divisor of w and 16.
16
Suppose p + 4*p - 1585 = 0. Suppose -3*w + 107 - 515 = -4*r, 0 = -3*r + 5*w + p. What is the highest common factor of 11 and r?
11
Suppose -3*v + 81 = 5*j + 11, -j - 58 = -3*v. Calculate the highest common factor of v and 20.
20
Let t = -8 - -26. What is the highest common factor of t and 12?
6
Let l be ((-8)/(-10))/((-5)/(-50)). Suppose 3*f + 142 = -4*s, 4*f + s + 3*s = -192. Let i = 130 + f. Calculate the greatest common divisor of i and l.
8
Let d = -91 - -122. What is the highest common factor of 155 and d?
31
Let l(w) = w + 15. Let d be l(-11). Let y = 34 - d. Calculate the highest common divisor of 75 and y.
15
Suppose -8 = 2*i, s + 5*i + 8 = -0*s. Suppose -4*y - g = -0 - 13, 5*g - 14 = -3*y. What is the greatest common divisor of y and s?
3
Let v(g) = 5*g. Let r(x) = x. Let c(w) = 6*r(w) - v(w). Suppose -3*m + 8 = -7. Let s be c(m). What is the greatest common factor of s and 20?
5
Let y be (184/3 - -2)*3. Let u(t) = t**3 - 2*t**2 + t + 2. Let j be u(4). What is the highest common divisor of j and y?
38
Let d = 73 + -43. What is the highest common divisor of 10 and d?
10
Suppose 0 = -j - i + 40, 2*j + 0*i - 60 = 3*i. Let r be (-6)/(-10) + 42/5. Calculate the greatest common divisor of r and j.
9
Suppose c + q - 12 = 0, -5*q - 60 = 2*c - 7*c. Calculate the greatest common divisor of c and 84.
12
Let p(z) = 17*z - 7. Let n be p(7). Let b be -2*(-1 + 2 + -2). Suppose -5*h = -2*a + 57, -h - 3 - b = 0. Calculate the greatest common factor of n and a.
16
Let i be (-4 + 12/(-8))*-8. What is the highest common divisor of 66 and i?
22
Let u(i) = -i - 3. Let r be u(-7). Suppose -2*b = -r*b + 8. Calculate the greatest common divisor of b and 1.
1
Suppose -2*q + 2*s = -50, -q - s = -0*s - 23. Calculate the highest common divisor of q and 16.
8
Let d = -8 + 14. Suppose -2*r = -28 + d. Calculate the highest common divisor of 33 and r.
11
Let f = -43 + 68. Calculate the greatest common divisor of 75 and f.
25
Suppose -2*s + 135 = s. What is the greatest common divisor of s and 15?
15
Let y be 17 + 1 + (-18)/(-9). Suppose 0 = -4*b + 3*d + 2*d + 94, -2*d + 17 = b. Let n = b + -13. What is the highest common divisor of y and n?
4
Let y = 139 - 75. Let b be (y/(-10))/(10/(-25)). What is the greatest common factor of b and 160?
16
Suppose 4*z = f - z, -z - 95 = -4*f. Let v = 257 - 132. Suppose -4*u + v = -5*h, 2*u = 4*h - 34 + 104. What is the highest common divisor of u and f?
25
Suppose 3*r - 3*i = -4 + 19, -4*i = 16. Let q(f) = -2*f. Let l be q(-1). Suppose 0 = -3*x + l + 1. Calculate the greatest common divisor of x and r.
1
Let r be (159 + (1 - -1))*1. What is the greatest common divisor of 23 and r?
23
Let r(p) = 3*p**2 + 3*p - 4. Let j be r(-5). Suppose 5*w - 2*k = j, 4*k = -3*w + 4*w - 4. Calculate the greatest common divisor of w and 48.
12
Let b = -5 - -7. Let n = b - -14. Suppose g + 0*a = -2*a + n, -5*g = -a - 91. What is the greatest common factor of 27 and g?
9
Suppose 5*z = -0*z - 4*b + 36, -4*b = -z + 12. Let u be (z/(-6))/((-6)/9). Let h be 142/10 - 1/5. Calculate the greatest common divisor of u and h.
2
Suppose 4*k - 5*r = 304, 4*k + 2*r = -0*r + 304. Let h = 66 + -47. What is the highest common factor of k and h?
19
Suppose -r = -39 + 15. What is the greatest common divisor of r and 8?
8
Let s be (-17)/(-4) - 3/12. Suppose -s*r - 3*g + 50 = 0, 3*r - 27 = 4*g + 23. Calculate the highest common divisor of r and 154.
14
Let u(b) = 2*b**3 - 4. Let z be u(2). Let y be (3 - -15)/((-6)/(-28)). What is the greatest common factor of z and y?
12
Let z(v) = -v**3 + 7*v**2 - 4*v - 6. Let r be z(6). Let b(f) = 2*f + 6. Let a be b(r). What is the greatest common divisor of a and 126?
18
Suppose 2*z - 1 - 1 = -c, -3*z + 4*c = 19. Let n be z + -16*(-1)/2. Calculate the highest common factor of n and 14.
7
Let x be 14/((-27)/21 + 1). Let y = 71 + x. Calculate the greatest common factor of 11 and y.
11
Let u(c) = 30*c. Suppose 0*s - 5*v + 5 = -5*s, 2 = 2*s - v. Let z be u(s). What is the highest common factor of z and 36?
18
Suppose -7*j + 2*j + 16 = v, 4*v = 2*j - 24. Suppose -b = 3*s - 25 - 36, -5*s + 98 = -2*b. What is the greatest common divisor of j and s?
4
Let f be -2 - (-4 - (-3)/(-1)). Calculate the greatest common factor of 50 and f.
5
Let s = -23 - -14. Let g(z) = -z**2 - 11*z - 7. Let p be g(-5). Let f = p + s. Calculate the highest common factor of f and 154.
14
Let d be -26 - -37 - (-2)/(-2). What is the highest common factor of d and 2?
2
Suppose 2*j = 2*t - 2, 4*t + 0*j - 12 = 2*j. Let f be -1*15*(-4)/12. Suppose -t*r = w - 15, 0*r = r + f*w + 21. What is the highest common factor of 8 and r?
4
Suppose 300 = -5*p - 495. Let y be (-3)/(p/(-42) - 4). What is the greatest common factor of 2 and y?
2
Let d be (-2)/2 - -12 - 1. Suppose -4*h + 3*h - 5*l = -d, -3*h - 3*l = -18. Calculate the highest common divisor of 55 and h.
5
Let f(j) = j**3 - 4*j**2 - j - 14. Let d be f(5). What is the highest common divisor of d and 24?
6
Suppose -y = 4*j + 2*y - 209, -5*y = 4*j - 215. Let r be j/15 + 1/(-3). What is the highest common divisor of 1 and r?
1
Let j be (-4)/14 - (-148)/28. Let t = 16 - j. Calculate the greatest common divisor of 88 and t.
11
Let n(q) = -10*q**3 - 4*q**2 + 4. Let w be n(-2). Calculate the highest common factor of 170 and w.
34
Let n be 2/(2/(-6) - 14/(-6)). What is the highest common divisor of n and 9?
1
Let d(t) = -t**3 + 12*t**2 + 12*t + 26. Let l be d(13). Calculate the greatest common divisor of 13 and l.
13
Suppose 3*f - 836 = -f. Suppose -5*y + 29 = -66. What is the highest common factor of y and f?
19
Let r be -2 - (3/3 + -9). Suppose 6 - 3 = 3*l. Let q be 24 - (1 - l)/2. What is the highest common divisor of q and r?
6
Let q = -7 - -9. Calculate the greatest common divisor of 16 and q.
2
Let k = 6 + -16. Let w(l) = -2*l - 5. Let s be w(k). What is the greatest common divisor of 150 and s?
15
Let n be -1*((0 - 0) + -7). Let f be (-233)/(-7) - 2/n. Calculate the greatest common divisor of 22 and f.
11
Let j be (-7)/2*(-24)/14. Suppose -168 = 3*r - j*r. Calculate the highest common factor of r and 8.
8
Let o = -57 - -18. Let l = -19 - o. Calculate the highest common factor of 30 and l.
10
Let r = -27 + 32. What is the highest common factor of r and 1?
1
Suppose t = 5*p - 422, 4*t = 4*p + 3*t - 338. What is the greatest common divisor of p and 12?
12
Let m = 67 + 263. Calculate the highest common divisor of m and 30.
30
Suppose 2*c - 40 = 20. Suppose 0 = 5*u + l - 127, -2*u + 2*l + 0*l = -46. Let y = u - 13. Calculate the highest common divisor of y and c.
6
Let f = -14 - -22. What is the highest common factor of 40 and f?
8
Suppose -p + 104 = p. Suppose 0 = 5*h - h - p. What is the highest common divisor of h and 117?
13
Suppose